5*x + 46. Suppose s - x = -0*s. What is the remainder when 15 is divided by s?
6
Let o(w) = 2*w. Suppose -4*g = -j + 18, -10 - 13 = -j - g. Calculate the remainder when j is divided by o(4).
6
Suppose 18*q - 19*q = -23. Calculate the remainder when q is divided by 5.
3
Let f = -4 - -6. Let k(x) = -1. Let o(q) = 2*q. Let u(p) = 2*k(p) + o(p). Calculate the remainder when u(2) is divided by f.
0
Suppose 3*z + 3*b - 75 = 0, 67 = 4*z - b - 58. Calculate the remainder when 45 is divided by z.
15
Let l(d) = d**2 - 11*d - 17. Calculate the remainder when 33 is divided by l(13).
6
Let y(d) = d + 19. Calculate the remainder when y(9) is divided by 10.
8
Suppose 7*p - 408 - 75 = 0. What is the remainder when p is divided by 15?
9
Suppose 2*h = 6*h - 60. Calculate the remainder when 59 is divided by h.
14
Suppose z - 50 = -4*z. Suppose -z = -2*m + 4. Suppose -3*p + 20 = 2*p. What is the remainder when m is divided by p?
3
Let a be 0*(3 - (5 + -1)). Suppose -4*s + 5*l + 41 = a, s = -0*s - l + 8. Calculate the remainder when 25 is divided by s.
7
Let f(b) = -b**2 - b - 2. Let m be f(4). Let t(x) = -34*x**3 - x**2 + 3*x - 1. Let u be t(1). Let r = m - u. What is the remainder when 31 is divided by r?
9
Let c(k) = -15*k - 3. Let t be c(-4). Suppose f + 2*q - 1 = 0, t = 5*f - 2*q - q. Calculate the remainder when f is divided by 5.
4
Let r be (21/12 + -2)*-4. Suppose 0 = x + 2 - 4. What is the remainder when -1*(-3 + 0) - r is divided by x?
0
Let m(p) = 5*p. Let t be m(1). Suppose -t*d = -10*d - 225. What is the remainder when 19 is divided by (-3)/(d/(-6))*-25?
9
Let d(p) = 7*p**3 - 2*p - 1. Let h be d(-1). Let q(v) = -v**3 + 5*v**2 + 2*v - 4. What is the remainder when q(4) is divided by 11/(-2)*(h + 4)?
9
Let n(o) be the first derivative of -o**4/4 + 3*o**3 - 3*o**2 - 2*o + 1. Calculate the remainder when 39 is divided by n(8).
11
Let p(m) = m**2 - 3*m + 12. Let w(k) = k**3 - 3*k**2 + 5*k - 5. Let j be w(4). Let u = 66 - j. What is the remainder when u is divided by p(3)?
11
Let k be -10 + ((-6)/(-3) - -1). Calculate the remainder when k/(21/(-6)) + 16 is divided by 10 + 1/2*0.
8
Suppose 4*r + 0*r = -g + 41, 4*g = 3*r - 45. Suppose 6*c = c + 210. Calculate the remainder when c is divided by r.
9
Suppose -5*v = -v - 44. Suppose -304 = -6*f + 800. Suppose 3*j - f = -61. Calculate the remainder when j is divided by v.
8
Suppose -5*m + 3*u - 87 = -8*m, 4*m = 2*u + 134. Let x(a) = -a**2 + 4*a + 8. Let i be x(6). What is the remainder when m is divided by 20/i*(-34)/10?
15
Let l(v) = -6*v - 14. Suppose -2*a = -7*a - 50. What is the remainder when l(a) is divided by 12?
10
Calculate the remainder when 153/54 - 2/(-12) is divided by 3.
0
Let y(x) = -9*x - 7. Calculate the remainder when 114 is divided by y(-4).
27
Calculate the remainder when 23 is divided by (-3)/(-9) + (-112)/(-24).
3
Suppose -60 = -6*t + t. Suppose -3*g = -2*g + 23. Calculate the remainder when (g/2)/((-2)/4) is divided by t.
11
Let x(p) = 2*p**2 + 4*p + 4. What is the remainder when x(-3) is divided by (3 + 9)*1/2?
4
Let d(t) = 14*t**2 + 2. Let v = 46 - 26. What is the remainder when d(2) is divided by v?
18
Suppose -14 - 10 = -2*h. Calculate the remainder when h is divided by 5.
2
Let o(u) = -u**2 + 6*u - 5. Let h(f) = f**3 - f + 1. Let g(j) = 5*h(j) + o(j). Calculate the remainder when g(1) is divided by 3.
2
Suppose s = -4*u + 4, -2*u + 18 = 3*u - 2*s. Calculate the remainder when 8*4/2 - -2 is divided by -12*1/(-1) - u.
8
Suppose 0 = -3*z + 5*g + 6, -2*z + 2*g + 4 = 6*g. Let b(v) be the first derivative of v**4/2 + v**2/2 - 1. What is the remainder when b(z) is divided by 10?
8
Let i = 43 - 14. Let u(n) = n**3 - 6*n**2 + n + 1. Let g be u(6). Suppose w - i + g = 0. Calculate the remainder when w is divided by 12.
10
Let s(z) = z + 24. Let u be s(0). Suppose 3*d = -0*d + u. Calculate the remainder when 23 is divided by d.
7
Let h(c) = 53*c**3 - 3*c**2 + 2*c. Calculate the remainder when h(1) is divided by 11.
8
Let w be (-5)/(-10)*(-1 + 1). Suppose w = 2*h - h. Suppose -j + 10 + 4 = h. Calculate the remainder when 26 is divided by j.
12
Let c = -76 + 88. Suppose -i = 3*u - 4, i - 4 + 0 = -u. Suppose -3*j = -c, -4*j - 55 = -i*g + 1. Calculate the remainder when g is divided by 10.
8
Suppose 5*h = 9 + 11. Let v(n) be the first derivative of n**4/4 - 2*n**3 + n**2 + 2*n - 3. What is the remainder when v(6) is divided by h?
2
Let f(m) = -m**2 - m - 2. Let q be f(-2). Let n = q + 6. Calculate the remainder when ((-20)/(-3))/(n/12) is divided by 21.
19
Suppose 5*w + 10 + 15 = 0. Suppose -50 = -5*y + 2*d, -2*d = 4*y + 2*d - 12. Calculate the remainder when y is divided by (2*-1 + 1)*w.
3
Let c = -1 - -1. Suppose -3*q + c*q = -114. What is the remainder when q is divided by 10?
8
Let n = 1 - 8. What is the remainder when (128 - (6 - 7))*(-2)/(-6) is divided by (-2)/n - (-206)/14?
13
Suppose -2*d + 5*d = 9. What is the remainder when 28 is divided by -15*(d + (-8)/2)?
13
Suppose -4*t - 20 = -4*n, 3*n - 9 = -0*t + t. What is the remainder when 35 is divided by (-106)/(-9) - n/(-9)?
11
Suppose 11 = 3*z - 22. Let l(f) = f**2 - 6*f + 8. Let r be l(7). What is the remainder when (r/(-12))/((-3)/48) is divided by z?
9
Let f(h) = -h**3 + 3*h**2 + 4*h + 3. Let w be f(4). Let m = -7 + w. What is the remainder when 74 is divided by (m + 5)*(21 - 2)?
17
Let t(k) = -k + 9. Let q(g) = g + 1. Let b be q(6). Let w be t(b). What is the remainder when 10 is divided by (w - -3) + -3 + 2?
2
Let a = 9 - 15. What is the remainder when 13 is divided by 16/a*(-6)/4?
1
Calculate the remainder when (-1)/(4*(-1)/128) is divided by 9.
5
Suppose 52 + 95 = 3*h. What is the remainder when h is divided by 13?
10
Let v = 9 + -10. Let w = v + 6. Suppose w*s - 4*f - 81 = 0, -26 = -4*s - 2*f + 44. Calculate the remainder when s is divided by 10.
7
Let l(u) = -2*u**2 - 13*u - 4. Let m be l(-6). Suppose -3*k = -n - 32, -11 = -m*k + n + 10. What is the remainder when 20 is divided by k?
9
Suppose -5*x - 25 + 30 = 0. Let t = 4 + -2. Calculate the remainder when t is divided by x.
0
Suppose 2*h + 4*r - 18 = 0, 3*h - 5*r - 13 = 14. What is the remainder when 71 is divided by h?
8
Let s be -2 - 3/(-3)*-2. Calculate the remainder when s*(17/(-4) - 0) is divided by 9.
8
Suppose 5*f - 85 = -g, 3*g = 5*f - g - 85. Let l = 80 - 31. What is the remainder when l is divided by f?
15
Let i = 15 - 32. Let o = -6 - i. Calculate the remainder when ((-100)/(-15))/(2/6) is divided by o.
9
Suppose 0*i = -5*i + 5*a + 100, -a - 39 = -2*i. Calculate the remainder when i is divided by 10.
9
Let i(f) = -f + 11. Let m be i(7). Let d(z) = 9*z + 7. What is the remainder when d(m) is divided by 11?
10
Let a(o) = -o**3 - 4*o**2 - 5*o + 4. Calculate the remainder when 70 is divided by a(-4).
22
Let q be -4 + -2 + (-2 - -3). Calculate the remainder when 19 is divided by (q/(-3))/(8/48).
9
Suppose 3*d = -11 + 32. What is the remainder when 19/(-2)*(2 - 4 - 0) is divided by d?
5
Suppose 0 = -4*r + 5*o + 23, 2*o - 13 = -3. Suppose -3*a - r = -5*a. What is the remainder when 11 is divided by a?
5
Let j = -9 + 17. Suppose -s = -x - 6*s + 8, x = 3*s + j. Suppose 0 = -5*i + 6*i - x. Calculate the remainder when 15 is divided by i.
7
What is the remainder when 15 is divided by 2 - (1 + -4) - 5/5?
3
Suppose 4*q = 8*n - 3*n - 3, -5*q = 2*n + 12. Let t(r) = -8*r**3 - 2*r**2 + 3*r + 2. What is the remainder when t(q) is divided by 27?
25
Suppose 24 = 3*i - 0. Let q = -6 + 11. Suppose q*j - 3*k = 105, 0 = 4*j - k - 19 - 65. Calculate the remainder when j is divided by i.
5
Let r(y) = 2*y**2 + 14*y - 6. Calculate the remainder when r(-8) is divided by 6.
4
What is the remainder when 99 is divided by (-23)/(-1) + (-9)/3?
19
Let u(t) = -5*t + 2. Let c = -41 - -73. Calculate the remainder when c is divided by u(-3).
15
Suppose 0*b + 5*t - 2 = 2*b, 16 = 4*b - 5*t. What is the remainder when 4/(-6) - (-177)/b is divided by 5?
4
Let q = 144 - 85. Calculate the remainder when q is divided by 20.
19
Let d(w) = w**3 + w**2 + 6*w - 8. Suppose 3*j - 43 = -5*t + 34, -3*j + 91 = -2*t. What is the remainder when j is divided by d(2)?
13
Suppose 5*i + 4*j + 15 = 0, -2*j - 4 + 1 = i. Let l be i*(1 - 11/3). Suppose -l = -3*w + 28. What is the remainder when 23 is divided by w?
11
Let m(f) = -